 what is 100 + -10100100011001?
-10100100010101
In base 11, what is 15a9 + -39?
1570
In base 7, what is -12331 - -1516?
-10512
In base 15, what is 3 + -416?
-413
In base 10, what is 244450 - 0?
244450
In base 4, what is -2100012 - 22?
-2100100
In base 7, what is 6154015 + 4?
6154022
In base 7, what is -12 + -2042203?
-2042215
In base 6, what is 11 - 15421?
-15410
In base 6, what is -104022 + 505?
-103113
In base 11, what is 1a006 + -7?
19aaa
In base 13, what is 2 + 45aa8?
45aaa
In base 13, what is 10 + 4575?
4585
In base 8, what is 24 - -235?
261
In base 16, what is -5 - -a93f5?
a93f0
In base 16, what is -6 + 4776?
4770
In base 16, what is -3 + -6306?
-6309
In base 13, what is 231c + -4?
2318
In base 7, what is -2253 - 6240?
-11523
In base 8, what is -652 - -4617?
3745
In base 6, what is -55 + -105120?
-105215
In base 8, what is -5 - 210005?
-210012
In base 14, what is 19326 - -1?
19327
In base 16, what is 229e7 - -8?
229ef
In base 5, what is -1312300 + 104?
-1312141
In base 13, what is -1796 + 65?
-1731
In base 6, what is 2 - -110320?
110322
In base 5, what is 230 - 11403?
-11123
In base 10, what is 69836 + 21?
69857
In base 12, what is 30 - 308b5?
-30885
In base 5, what is -20142101 - -11?
-20142040
In base 5, what is 2443 + 1042?
4040
In base 13, what is -37 - -8c79?
8c42
In base 12, what is 1 + -7688?
-7687
In base 5, what is -42141 - 4333?
-102024
In base 11, what is -4 - 8277?
-8280
In base 9, what is -4 - 415045?
-415050
In base 16, what is -120f - -8?
-1207
In base 15, what is 1c - 4c31?
-4c14
In base 4, what is 221221 + -232?
220323
In base 10, what is 2 - 186348?
-186346
In base 9, what is -1 - -205082?
205081
In base 12, what is 61875 - 8?
61869
In base 13, what is 3bb + 69?
457
In base 4, what is 112 + 131032?
131210
In base 8, what is -1062124 + 14?
-1062110
In base 10, what is -28 - 76043?
-76071
In base 6, what is 2 + 14500553?
14500555
In base 12, what is -6495 + 3?
-6492
In base 5, what is 12 + 3224002?
3224014
In base 2, what is -111111000010 - -111110?
-111110000100
In base 6, what is -15 - 2022032?
-2022051
In base 7, what is 30210 - -34?
30244
In base 7, what is 2144 + -3?
2141
In base 12, what is -11 + -209a?
-20ab
In base 11, what is -947a0 - 1?
-947a1
In base 10, what is -901 + -1421?
-2322
In base 13, what is 8 + -7c8?
-7c0
In base 10, what is -4 - 3144?
-3148
In base 6, what is 1000141 + -34?
1000103
In base 8, what is -13 - 10737?
-10752
In base 3, what is 10 - -10122221212?
10122221222
In base 11, what is 24a + -315?
-76
In base 5, what is -12224 - -43003?
30224
In base 3, what is 10021121 + -2000?
10012121
In base 13, what is 1367b - 8?
13673
In base 7, what is -22660 + -12?
-23002
In base 12, what is 231 - 77?
176
In base 9, what is -7 - -41517?
41510
In base 12, what is 6 + 21a4?
21aa
In base 16, what is dce7d - 4?
dce79
In base 6, what is -2003 - -54245?
52242
In base 10, what is 5 + 493695?
493700
In base 11, what is -667 - 20?
-687
In base 4, what is 1212033 - 1111?
1210322
In base 13, what is -11a3 + -51?
-1224
In base 11, what is -7 - 95299?
-952a5
In base 15, what is -2 + 3929?
3927
In base 13, what is 957 + -6a?
8ba
In base 11, what is 1 - -12651a?
126520
In base 12, what is 4 - 60a7?
-60a3
In base 5, what is -10414 - -23?
-10341
In base 2, what is 1100011001011001 + -11?
1100011001010110
In base 14, what is -2d35c - -2b?
-2d331
In base 8, what is 10376 + 433?
11031
In base 10, what is 68599 + 5?
68604
In base 9, what is -682800 - 4?
-682804
In base 16, what is -ccc + -9?
-cd5
In base 16, what is 3 + -153c5f?
-153c5c
In base 9, what is 120 + 2432?
2552
In base 2, what is 110110111001111 + -10?
110110111001101
In base 4, what is 12133 + -103102?
-30303
In base 9, what is 1216 + 0?
1216
In base 16, what is 1ae + a?
1b8
In base 12, what is 10 + -b32?
-b22
In base 2, what is -10011111001100101 + -11?
-10011111001101000
In base 6, what is 3 - -2323253?
2323300
In base 7, what is -160 - -314?
124
In base 10, what is -1332 + -15?
-1347
In base 13, what is 5 + -4a12?
-4a0a
In base 6, what is 4 - -32210?
32214
In base 9, what is -25131 - 2?
-25133
In base 14, what is 3503 - 6?
34db
In base 13, what is 7154 + 1?
7155
In base 9, what is 80 - -77?
167
In base 15, what is 35d15 + -3?
35d12
In base 9, what is -7214 - 1?
-7215
In base 4, what is -1313 - -1112311?
1110332
In base 13, what is 1 + 26296?
26297
In base 10, what is -292 - -2632?
2340
In base 12, what is -35 + -a1b0?
-a225
In base 14, what is 1650d - 2?
1650b
In base 13, what is 5 - 17b853?
-17b84b
In base 13, what is 72 - 1a10?
-196b
In base 14, what is -245 + 11a?
-129
In base 8, what is 61011 + 2?
61013
In base 14, what is 7 - -109b8?
109c1
In base 11, what is -28 - 230?
-258
In base 5, what is 411121 + -1343?
404223
In base 3, what is 10022021 - 10221?
10011100
In base 7, what is 33 + 1553?
1616
In base 4, what is -13323332 - -12?
-13323320
In base 11, what is -36447 + -3?
-3644a
In base 16, what is -1bdf8 + 3?
-1bdf5
In base 13, what is -3a4 - -52?
-352
In base 9, what is -4 + 237010?
237005
In base 6, what is 10 + -105050?
-105040
In base 3, what is -100210 - -211122?
110212
In base 9, what is -5 + 143522?
143516
In base 14, what is -5 - -4b79?
4b74
In base 6, what is 14 - -150044?
150102
In base 9, what is -1 - 2345004?
-2345005
In base 10, what is -170 - 633?
-803
In base 2, what is 10100 - 110110101?
-110100001
In base 13, what is 7c131 - 0?
7c131
In base 15, what is 31 + 289?
2ba
In base 3, what is -12021102202 - 11?
-12021102220
In base 14, what is -3 - -5a914?
5a911
In base 12, what is 2b41 - 78?
2a85
In base 10, what is 4 - -15848?
15852
In base 2, what is 11100110110011111 - 11?
11100110110011100
In base 15, what is 87b0 + -2?
87ad
In base 8, what is -54 + -1303?
-1357
In base 10, what is -92397 - 1?
-92398
In base 13, what is 51 - -b67?
bb8
In base 11, what is -8078 + 2?
-8076
In base 16, what is 0 - -c2fa?
c2fa
In base 10, what is 353472 + -5?
353467
In base 9, what is -56026 + 11?
-56015
In base 2, what is 11001011 - 0?
11001011
In base 16, what is 5 + -10215?
-10210
In base 10, what is 384269 + 3?
384272
In base 12, what is -215b3a + -1?
-215b3b
In base 2, what is -101001010 + -1110000?
-110111010
In base 13, what is 194c + a?
1959
In base 9, what is 1434 + 367?
1812
In base 12, what is -2b1b - -a3?
-2a38
In base 5, what is -2 - 14114414?
-14114421
In base 9, what is 158 + -37273?
-37114
In base 7, what is -5252 + 41?
-5211
In base 10, what is -2 - 946619?
-946621
In base 6, what is 12453 - -4523?
21420
In base 11, what is -5023 - 3?
-5026
In base 5, what is 3 - 203210?
-203202
In base 4, what is -11 + -13231232?
-13231303
In base 15, what is -17 - -92a?
913
In base 11, what is 117337 + -3?
117334
In base 10, what is -2222 + 14?
-2208
In base 16, what is ec + -96f?
-883
In base 3, what is 211 + 2111212?
2112200
In base 5, what is 1243 - 213320?
-212022
In base 16, what is 82a - -389?
bb3
In base 14, what is -1a20 - 1a3?
-1bc3
In base 13, what is 5 + 390617?
39061c
In base 16, what is -3 - -a8d?
a8a
In base 4, what is -2110 + -32000?
-100110
In base 3, what is -2011 + -211200?
-220211
In base 9, what is 167142 - 6?
167135
In base 12, what is 2a7 + 7a?
365
In base 9, what is 2 - -6520?
6522
In base 6, what is -1 - -101221?
101220
In base 6, what is 2 + 112113223?
112113225
In base 15, what is 39 - -de2?
e2b
In base 15, what is 435 + 1?
436
In base 9, what is -1147825 + 1?
-1147824
In base 8, what is -3 + 626611?
626606
In base 4, what is 1013023 - -1013?
1020102
In base 11, what is 123 - -452?
575
In base 9, what is -33 - -3353?
3320
In base 3, what is -2002 + -1012011010?
-1012020012
In base 12, what is 3 + 6348?
634b
In base 14, what is 3d32 - 1?
3d31
In base 14, what is -4 + -b31d?
-b323
In base 5, what is -443 - 20?
-1013
In base 4, what is 2220 + -33201?
-30321
In base 7, what is 2 + -1164?
-1162
In base 16, what is 4 + d34?
d38
In base 12, what is 95 - 4657?
-4582
In base 10, what is -81910 + 0?
-81910
In base 14, what is 5 - -2a04?
2a09
In base 11, what is 1a8508 + 1?
1a8509
In base 14, what is 637 - -4?
63b
In base 3, what is -101022102201 - -1?
-101022102200
In base 14, what is 1d48 + 23?
1d6b
In base 5, what is -10134 + 111?
-10023
In base 3, what is 120011221 - 1010?
120010211
In base 6, what is 12100 - -210?
12310
In base 13, w